5/42 + (-4)/14). Let x(u) = -9*u + 14. Let w(h) = -4*h + 6. Let v(c) = p*x(c) - 7*w(c). Determine v(5).
5
Let d(w) = 3*w + 57. Suppose -174*g + 181*g + 98 = 0. What is d(g)?
15
Let j(f) be the third derivative of f**5/30 + f**4/24 - 25*f**3/3 + 26*f**2 - 2. Let i(o) be the first derivative of j(o). Determine i(-1).
-3
Let r = -17184 + 17186. Let b(z) = -20*z + 29. What is b(r)?
-11
Let d be (6/4)/((-3)/28). Let n(f) = 9 - 1281*f + 2555*f - 1273*f. Determine n(d).
-5
Let k be 0/((-5)/(-1) + -2). Suppose 18 = -2*l - k*l + 5*r, -3*r + 45 = -5*l. Let s(g) = g**2 + 4 - 3*g**2 + g**2 + 6 - 7*g. Determine s(l).
-8
Let k(a) = -23*a + 7. Suppose -4*t - 2*g - 11 = g, 0 = t - 3*g - 16. What is k(t)?
-16
Let z(r) = 2*r + 17. Let g be z(-8). Suppose 2*t - 3*t - 5*k = g, 0 = -2*t - k - 2. Let w(d) = 9*d**2 + d. What is w(t)?
8
Suppose 0 = 3*b + 21, 2*c - 21*b + 18*b - 25 = 0. Let v(f) = -7 + 9 + 3*f - 2*f - 4*f**3. Calculate v(c).
-28
Let x be (-2)/((-6)/(-8)*(-6)/9). Suppose i - 6*i = -c + 20, 4*c = x*i + 32. Let z(s) = 5 - 5 - 3 - 2*s + 0. Determine z(c).
-13
Let u(b) be the third derivative of b**5/60 - b**4/6 - 3*b**3/2 - 178*b**2. Give u(6).
3
Let p(i) be the first derivative of -3*i**2 + 12*i + 5. What is p(3)?
-6
Let p(x) = x**2 + 5*x + 1. Let m(b) = -2*b + 10. Suppose -i - 10 = 2*l - 4*l, 2*i + 26 = 5*l. Let k be m(l). Let y be (-15)/5 - 2 - (k + 1). What is p(y)?
-3
Let p be -2 + (-5 - (-20)/4). Let s be p + (-15)/(-25)*25. Let x(f) = -f**3 + 13*f**2 - f + 9. Calculate x(s).
-4
Let o(j) = -j**2 + 18*j - 57. Let g(m) = 7*m**2 - 32*m - 1. Let x be g(5). What is o(x)?
-1
Let r(y) = 3*y. Let b(w) = -24*w - 6. Let g(q) = b(q) + 9*r(q). Determine g(-6).
-24
Suppose 5*t - j = 3*t + 1, 0 = -t + 5*j + 5. Suppose i - 13 + 6 = t. Let p(z) = 5 + 0*z + z - 1. Calculate p(i).
11
Let s(p) be the second derivative of -4*p**3/3 + 45*p**2/2 - p + 597. Determine s(9).
-27
Let m(a) = -3*a - 22. Let o = 9731 + -9731. What is m(o)?
-22
Let u(s) be the third derivative of -s**5/60 + 43*s**4/24 - 247*s**3/6 - 4*s**2 + 9*s - 2. Give u(36).
5
Let y be (-7)/1 - -1*(-3 + 8 + -7). Let p(j) = j**3 + 8*j**2 - 6*j + 13. What is p(y)?
-14
Let k(a) = a**2 + 4*a + 3. Suppose w - 16 = -4*t - 3, t + 3*w - 6 = 0. Let d be 14/(-3) - (5 - t)/6. Determine k(d).
8
Let c(b) = 14*b**3 + 339*b**2 + 3*b - 5 - 13*b**3 - 2*b - 343*b**2 - 2*b. Determine c(4).
-9
Let c(r) be the second derivative of r**4/12 - 8*r**3/3 + 31*r**2 + 6*r. Determine c(6).
2
Let b(w) = -4*w**3 + 4*w + 6. Let q = 90 - 83. Let p(d) = -d**3 + d + 2. Let y(v) = q*p(v) - 2*b(v). Calculate y(-2).
-4
Let k(s) = -s**2 - 29*s - 98. Let u be k(-25). Let m(l) = -65716*l**2 - l**3 + 65704*l**u + 5 - 1. What is m(-12)?
4
Let u(i) = -54*i + 12. Let v(d) = 16*d - 1. Let f(k) = -u(k) - 3*v(k). Determine f(2).
3
Let w(q) = 8 + 37*q**2 - q + 37*q**2 - 73*q**2 - 4*q. Let b be w(3). Let f(t) = -2*t**3 + 4*t**2 - 2*t. Determine f(b).
-4
Let s = 11 - 9. Suppose -3*g + 43 = 5*n, -19 = -s*n - 7*g + 4*g. Let t(a) = 6*a + a**3 - 5*a - 3*a - n - 5*a**2 - 3*a. Calculate t(6).
-2
Let d(v) = 6 + 17 + v**3 - 7 - 21*v - 21*v + 8*v**2 + 45*v. What is d(-8)?
-8
Let s be 10*(-15)/(-20) - (40/5 + -2). Let f(p) be the second derivative of 0 + s*p**2 + 1/20*p**5 - 17*p - 1/2*p**4 + p**3. Determine f(5).
8
Let x be (-26 - 343)/(-1 + -2). Suppose 0 = 117*o - x*o + 12. Let w(j) = 4*j**2 + 2*j + 1. Determine w(o).
21
Suppose 0 = 3*b + b - o - 188, 3*b = o + 141. Let d(h) = 23*h + 22*h - b*h. What is d(2)?
-4
Let d = 88 + -55. Let b be -4*(3/4 + d/(-22)). Let j(q) be the first derivative of -q**4/4 + 4*q**3/3 - 3*q**2/2 - 2*q + 1. What is j(b)?
-2
Let q(p) = 30*p + 176. Suppose 20*u = 4*y + 19*u + 24, 4*u = 0. Let b be q(y). Let r(h) = -3*h - 4*h**2 + 0*h**2 - 6 - h**3 + 0*h**2. Determine r(b).
6
Let l(n) = n**3 - n**2 - 31*n + 11. Let r be l(6). Let c be (2 + -2)*r/10. Let i(h) = -h**3 + h**2 + h - 11. Determine i(c).
-11
Let t(u) be the first derivative of 7*u**2 - 42*u - 5837. Give t(14).
154
Suppose 0 = 3*z + 24*d - 25*d + 10, d = -z - 6. Let o(f) = f**2 + 7*f + 1. Determine o(z).
-11
Suppose -2*h - 2 = -4*k, 4*h + 5*k = 7*h + 9. Let o(q) = -q**3 - 11*q**2 + 28*q + 3. Give o(h).
-23
Let n(t) = t**3 + 4*t**2 + t. Let v(y) = -4*y - 131 + 2 + 57. Let x be v(-17). What is n(x)?
-4
Let l(u) = -282934*u + 141480*u + 27 + 141478*u. Determine l(-4).
-69
Suppose -2344 = -3*d + 2*p, -5*d = -2*p - 725 - 3187. Let c = d + -782. Let q(u) = 18*u - 1. Give q(c).
35
Let f(c) = -4*c + 2. Let w = -7 - -10. Suppose -2*i - w = -k, 0*k - 4*k = -5*i - 6. Calculate f(k).
6
Let y(d) = -62*d + 25*d + 7 - 3 + 51*d. Calculate y(2).
32
Suppose -36 - 32 = 4*w. Let u(g) = -7*g**2 - 16*g + 20. Let p(y) = -20*y**2 - 48*y + 59. Let t(r) = w*u(r) + 6*p(r). Determine t(-17).
-3
Let w(i) = -2*i**3 - 74*i**2 - i - 35. Suppose -277*j = -107*j + 6290. What is w(j)?
2
Suppose 3*m = 2*y + 6, -y = 3*y. Let d(w) = m - 12*w - w**2 + 4 + 10*w - 4. What is d(3)?
-13
Let v(q) = -q**2 + 6*q - 20. Let g be v(10). Let l = 63 + g. Let m(s) = -s**2 + s - 4. Let c(d) = -d**2 - 1. Let p(r) = -3*c(r) + m(r). What is p(l)?
20
Let m(y) = -580*y**3 + 53*y**2 + 2*y + 8. Let x(p) = -307*p**3 + 28*p**2 + p + 4. Let h(l) = -9*m(l) + 17*x(l). Let g = 1 - 1. Determine h(g).
-4
Let l = 18235 - 18237. Suppose -n = -2*u - 14, 5*n - 5*u = 12 + 33. Let q(m) = n - 3*m**3 - 3*m**2 - m + m**3 - 2. Give q(l).
8
Let d(g) = -2*g**3 + 20*g**2 - g + 13. Let m be d(10). Suppose -m*t + 1 = -11. Let j(r) = -3 - 4*r**2 + t*r**2 - 467*r + 479*r - r**2. Determine j(11).
8
Let g(m) be the first derivative of -m**6/60 - m**5/120 + m**4/24 + 8*m**3 - 28. Let o(j) be the third derivative of g(j). Let v = -7 - -8. What is o(v)?
-6
Let k(u) = -4*u**2 + 3*u - 1. Let m(y) = -1 - 3 + 3*y - 4*y**2 + 89*y**3 - 90*y**3 - 4. Let w be m(-5). Calculate k(w).
-11
Let r = -32 + 121. Let q = -47 + r. Let g = 42 - q. Let n(y) = y + 6. Calculate n(g).
6
Let u(w) = -19 - 14*w**2 + 13 + 26*w**3 + 14*w - 16 - 27*w**3. Give u(-15).
-7
Let h(r) = -5*r**2 + 354 - 10*r**3 - 2*r**2 + 11*r**3 - 341 - r. Determine h(6).
-29
Let j(a) = -a**3 - 3*a**2 + 4*a + 11. Suppose -s - 114 = -121, -2*s = 3*n - 2. Give j(n).
11
Let g(q) = -q**3 + 14*q**2 + 6*q - 91. Let x be g(14). Let z(w) = 2*w**3 + 12*w**2 - 14*w - 6. Determine z(x).
-6
Suppose 2*x - 2*s = 0, s + 20 - 13 = 0. Let u(d) = -2*d**2 + 13. Give u(x).
-85
Let u(p) be the third derivative of p**8/20160 + p**7/630 + p**6/90 - 7*p**5/10 - 59*p**2. Let j(z) be the third derivative of u(z). Determine j(-6).
-4
Suppose 108 = 28*i - 110*i - 1122. Let b(v) = -v - 18. Calculate b(i).
-3
Let q(b) = 2*b + 3. Let y = 7 + -4. Suppose -y*v = -15 - 3. Let h be (v/12)/(1/(-10)). Calculate q(h).
-7
Suppose 6*k + 0*k = 60. Suppose k*f = 54 + 156. Let t(c) = f - 9 - 8 + c. Give t(-4).
0
Suppose -47*r = -53*r + 12. Let f be 3/r*8/(-2). Let a(u) = -u**2 - 4*u + 12. What is a(f)?
0
Let f(j) = j**3 + j**2 - j. Suppose 26*z - 5*x - 4 = 25*z, 0 = -5*z - 3*x + 20. Suppose -z*a - 15*s - 8 = -19*s, 2*a + 10 = 4*s. What is f(a)?
1
Let n(b) = -3*b + 2*b + 124 - 123. Let z(y) = -1. Let c(j) = n(j) - 2*z(j). Suppose 0 = -0*f + 2*f - 18. Give c(f).
-6
Let n be ((-586)/879)/(4/(-78)). Let l(a) = 2*a + 44. Determine l(n).
70
Let c(h) = 6 + 245*h + 137*h - 369*h - h**2. Calculate c(9).
42
Let g(y) = -4*y + 1. Let n(u) = 2*u - 1. Suppose 6 = 5*q - 9. Let k be -18*q/6 - 0. Let z(o) = k*n(o) - 4*g(o). Calculate z(5).
-5
Let g(t) = -8*t + 150. Let a be (354/21 - -1) + (-8 - 1083/(-133)). What is g(a)?
6
Let d(b) be the first derivative of 7*b**2/2 - 67*b - 11159. Give d(9).
-4
Suppose -2*w + 136 = -9*a, 84*w - 79*w + 45 = -5*a. Let k = 6 - 3. Let t(s) = 4*s - 2 - s**3 - 6*s**2 - 2*s**3 + 4*s**k. What is t(w)?
-7
Let l(d) = d**3 + 7*d**2 + 6*d + 6. Let q(s) = -3*s + 20 + 8 + 9*s + 25. Let g(w) = 3*w + 27. Let o(v) = -11*g(v) + 6*q(v). Let f be o(-9). Determine l(f).
6
Let j(m) be the third derivative of 0*m + 0 - 13/120*m**6 + 1/24*m**4 + 1/60*m**5 - 4*m**2 + 0*m**3. Let l be (-5)/5*(2 + -1). What is j(l)?
13
Let l(j) = j - 6*j**2 + 2*j**2 - j**2 - 10 - j**3 - 2*j**2. Suppose -1407*t + 1404*t + 20 = -2*q, 9*q + 61 = -t. What is l(q)?
-17
Let a(d) = -d**3 - 10*d**2 - 3*d - 346. Let v be a(-12). Let h(w) = 2*w - 21. Calculate h(v).
-65
Suppose -9*y - 6*y =